of w?
8
Let m(q) = q**2 - 13*q - 15. Let v be m(12). What is the units digit of (-264)/1*3/(v/6)?
6
Let h = 128770 + -76373. What is the units digit of h?
7
What is the units digit of (-13 - (11 - 65))/((-2)/(-236))?
8
Let u be (-21)/(-35) - 4/(-10). Suppose -4*k = -5 + u, -4*r + 3*k = -517. Let z = r + -6. What is the units digit of z?
4
Let x = 3 + 5. Suppose -9*w - 1 - x = 0. What is the units digit of (w - (-3)/9)*-66?
4
Suppose -2*m = -5*i + 371382, 5*m - 73964 = -i + 307. What is the thousands digit of i?
4
Let v = -129 - 53. What is the tens digit of 26/v + 2200/14?
5
Let c(z) = -z**2 - 6*z - 6. Let g be c(-4). Let f be ((-567)/(-252))/((-2)/(-8)). What is the tens digit of 204/f*3 - g?
6
Let a(o) = -3*o - 15 - 5 - 2 - 16. Let h be a(11). Let i = 82 + h. What is the tens digit of i?
1
Suppose 102 = 4*o - 30. Let q = -10 + o. Let p = 90 - q. What is the tens digit of p?
6
What is the hundreds digit of (3 + -4)/6 - 534104/(-48)?
1
Suppose -388*u - 102240 = -484*u. What is the hundreds digit of u?
0
Suppose 3*x = 3*j - 3438, 2*x + 2298 = -12*j + 17*j. Let a = -314 - x. What is the hundreds digit of a?
8
Suppose 741 = -5*s + 24*s. What is the tens digit of ((-65)/s)/(-4 - (-3251)/813)?
5
Suppose -15912 = -31*t + 22*t. Suppose 469 = -3*f + t. What is the hundreds digit of f?
4
Suppose 28034 = 5*t - 4*d, -5*t + d + 35274 = 7243. What is the thousands digit of t?
5
Let s(z) = -1488*z - 2624. What is the tens digit of s(-8)?
8
Let m = 203 - 225. Let h(l) = -4*l + l**2 + 7*l + 11*l + 9 + 7. What is the hundreds digit of h(m)?
1
What is the hundreds digit of 642*((-4)/(-14)*1 - (-1430)/42)?
0
Let b = -28598 + 50620. What is the tens digit of b?
2
Let u(l) be the third derivative of 1/8*l**4 + 2*l**3 + 33*l**2 + 0*l + 0 + 1/60*l**5. What is the tens digit of u(-13)?
4
Let t(p) be the second derivative of p**5/10 + p**4/6 - p**3/2 - p**2 - 27*p. Let m be t(-3). Let i = 145 + m. What is the tens digit of i?
1
Suppose -c - 4*w - w + 28949 = 0, -2*c = 14*w - 57874. What is the ten thousands digit of c?
2
Let y = 18907 - 8717. What is the thousands digit of y?
0
Let m = 92704 - 60929. What is the tens digit of m?
7
Let k be 7 + 13 + 2*-1. Suppose t - 3 = -d, 0 = -5*t - 3 + k. Suppose 2 = -d*s + s. What is the units digit of s?
2
Suppose -4*c = 3*h - 10, -2*c - 2*c + h = -2. Let v be 6 + c + -3 + 1. Suppose 9 = 3*l, -v*z + l + 372 = -0*l. What is the units digit of z?
5
Let g = 6166 + 35196. What is the ten thousands digit of g?
4
Let h(i) = -i**3 - 4*i**2 - 5*i + 7. Let b be h(-5). Let s(f) = 49*f - 582. Let j be s(11). Let q = b + j. What is the units digit of q?
4
Let o(h) = 3113*h**2 - 120*h + 32. What is the tens digit of o(-4)?
2
Let c(s) = -s**2 + 27*s - 8. Let f be 34 - 4 - (3 + -6). Let k be 1/(-2) - f/(-2). What is the units digit of c(k)?
8
Suppose -3*n + 21 = -3*d, 4*n - d - 18 = 13. What is the hundreds digit of (6787/n - 0) + (-33)/88?
8
What is the ten thousands digit of 42730/(-30)*(-2 - -3)*-15?
2
Suppose 3*x - 8951 = -2*b, -4*x = 5*b - 985 - 10966. What is the tens digit of x?
7
Suppose 2*r + 5*j + 27 = 5*r, 3*r = -4*j. Suppose -r = -t - 1. Suppose m - 5*y - 49 = -0*m, 0 = -y - t. What is the units digit of m?
4
Let c(d) = 68*d - 5880. What is the units digit of c(155)?
0
Let n(u) = 111*u - 10 + 81*u - 4*u. What is the tens digit of n(1)?
7
Let c(p) = 290*p**3 - 11*p**2 + 11*p - 20. What is the hundreds digit of c(4)?
4
Let d(p) = -3*p**2 + 43*p - 70. Let x be d(12). Let o(b) = 2*b**2 + 14*b + 9. Let c be o(-10). Let q = c - x. What is the units digit of q?
5
Let t(z) = -z**3 - 40*z**2 - 79*z - 29. Let o be t(-38). What is the tens digit of (-8)/68 - (-3 + (-4600)/o)?
5
Suppose k = 4*r - 54665, 4*r - 10*k - 39570 - 15104 = 0. What is the hundreds digit of r?
6
Let o = 93279 + -30579. What is the thousands digit of o?
2
Let u(x) = -5*x**3 + 3*x**2 + 33. Suppose 12*q = 27*q. What is the tens digit of u(q)?
3
Let l(r) = r**3 - 5. Let u be l(5). Suppose 2*t - u = -40. Let b = t - 33. What is the units digit of b?
7
Suppose -733 = 7*m - 48977. What is the thousands digit of m?
6
Let c = 56880 - 33949. What is the ten thousands digit of c?
2
Suppose 8 = 6*u - 22. Suppose 0 = -3*i - 2*r + 12, 0*i + 3*r = -u*i + 19. Suppose 0 = -3*d - 15, 3*h - d - 447 = i*d. What is the hundreds digit of h?
1
Suppose -3*b + 2*l - 204 = 0, 51*b - 50*b + 68 = 4*l. Let k be 1*38/4*12. Let f = k + b. What is the tens digit of f?
4
Suppose -3*y + 0*y + 57810 = 0. Suppose 40*k - 50*k = -y. What is the hundreds digit of k?
9
Let z be 250/3 - -2 - 1/3. Suppose 2*l + h = z, 24 + 23 = l - 4*h. Suppose l + 312 = 5*a. What is the units digit of a?
1
Let q(o) = 50376*o**3 - 4*o**2 + 7*o + 1. What is the units digit of q(1)?
0
Let n(a) = 49*a - 2. Let v be (3/2)/((3/4)/1). Let t be (3 + (-30)/12)/(v/8). What is the units digit of n(t)?
6
What is the tens digit of (106 + -48853)*(-2)/6?
4
Let x = 11135 + -2175. What is the tens digit of x?
6
Let a(p) = -187*p - 664. What is the tens digit of a(-50)?
8
Let i be 4*((-3)/(-2) + 9/3). Let r(d) = 10*d + 15. Let j be r(i). What is the units digit of (j/(-6))/(-5)*8?
2
Let l(y) = -1789*y + 1218. What is the hundreds digit of l(-5)?
1
Suppose 33*g + 94226 = 55*g. What is the units digit of g?
3
Let d(l) = 8*l + 8. Suppose -11 - 9 = 5*s. Let k be d(s). What is the tens digit of (-8)/k + 1276/6?
1
Suppose -4*m + 377 = -11. Let y = m + 9. Suppose 115 = 5*w + 4*r, -2*r - y = -3*w + 3*r. What is the units digit of w?
7
Suppose y - 5*q - 194 = 0, -4*y - q = -2*y - 454. What is the hundreds digit of y?
2
Suppose -4*k = -2*k + 5*n - 2609, 5*n = -k + 1307. Suppose 0 = -c, -4*c - 58 = -5*m + k. What is the tens digit of m?
7
Let p be (0 - 1)/(2 - (3 + 0)). Suppose 2*v + 5*l = -14 - 14, 3*v - 5*l = 8. What is the tens digit of v/p + 4 - -28?
2
Let c be 102/14 - (-4)/(-14). What is the units digit of (5 - c - -522) + -4?
6
Suppose 16405*d - 943552 = 16389*d. What is the thousands digit of d?
8
Let q(a) = 154*a**2 + 86*a + 497. What is the tens digit of q(-6)?
2
Suppose 0 = -46*k + 48*k - 3596. Suppose -3*z + 500 + k = 0. What is the tens digit of z?
6
Let o be (15/(-5))/((-389)/(-130) - 3). Suppose -3*s + 8*s = o. Suppose s - 287 = -t. What is the units digit of t?
9
Let h(a) = -5*a - 42. Let n be h(-9). Suppose -3*p - 1420 = -7*p. Suppose -n*x - 2*x = -p. What is the tens digit of x?
7
Suppose 2*l - 8 = -0*l. Suppose -l*b - b = 5*w + 1180, -460 = 2*b + 5*w. Let g = -126 - b. What is the units digit of g?
4
Suppose -3*f + 3*r = -43521, 3*f - 25626 = -5*r + 17919. What is the tens digit of f?
1
Let i be (-9 - -12 - 3)/(2/2). Suppose 0 = -5*p - 5*j + 1120, i = 5*j - 9*j - 16. What is the units digit of p?
8
Let l(z) = 54*z**2 - 2*z - 28*z**2 - 106*z**3 - 304*z**3 - 1 - 28*z**2. What is the hundreds digit of l(-1)?
4
Let y(b) = 32*b**2 - 10*b + 36. What is the tens digit of y(5)?
8
Suppose 5*p + 15 = -2*z, 7*p + 5*z + 28 = 4*p. What is the units digit of (-126)/p - (-7)/(28/16)?
0
Let s(r) = -r**3 + r**2 + 4*r + 2. Let j be (-4)/8 - ((-10)/(-4) + -1). Let n be s(j). Suppose w - 756 = -n*w. What is the units digit of w?
8
Suppose -48*u + 110 + 130 = 0. Suppose -23*m - 4472 = -26*m + 2*c, u*c + 2963 = 2*m. What is the tens digit of m?
9
Let b(q) = -7*q**2 - 7*q - 1119. Let j(r) = 2*r**2 + r - 1. Let v(t) = -b(t) - 5*j(t). What is the tens digit of v(0)?
2
Suppose -13*z = 17301 - 86266. What is the thousands digit of z?
5
Suppose 5*a - 5*a = -10*a. Suppose 5*v - 7*v + 2*c + 208 = a, 0 = -3*v + c + 318. What is the tens digit of v?
0
Suppose 4*s + 11 - 11 = 0. Suppose s = 5*d + 8*d - 7176. Suppose -3*q + k + 692 = 0, 3*q - 5*k - 136 = d. What is the hundreds digit of q?
2
Let o(f) = f**3 + 3*f**2 - 5*f. Let x be o(-4). Suppose -4*r + 2*r = -x. Suppose 0 = -r*l + 44 + 236. What is the tens digit of l?
4
Let i be ((-16)/(-84))/(-2) - 86146/(-42). Let z = i + -1299. What is the tens digit of z?
5
Let d = -105 + 109. Suppose -4*l = -d*c - 652, 5*l - 512 = -2*c + 268. What is the units digit of l?
8
Let r(p) be the third derivative of -p**4/3 + 40*p**3/3 - 51*p**2. What is the tens digit of r(5)?
4
Suppose 16*s - 11*s + a - 45251 = 0, 9*s - a = 81435. What is the tens digit of s?
4
Let c(z) = z**2 + z - 4. Let k(j) = -4*j**2 - 21*j + 13. Let r(b) = 3